{"id":1759,"date":"2019-03-03T10:02:01","date_gmt":"2019-03-03T10:02:01","guid":{"rendered":"https:\/\/andrasorsolya.folkfest.hu\/?page_id=1759"},"modified":"2019-12-30T10:18:09","modified_gmt":"2019-12-30T10:18:09","slug":"osszehegedult-karpatok","status":"publish","type":"page","link":"https:\/\/andrasorsolya.folkfest.hu\/","title":{"rendered":"Andr\u00e1s Orsolya-Kezd\u0151lap"},"content":{"rendered":"<p>[vc_row full_width=&#8221;stretch_row&#8221;][vc_column]<div class=\"slider-all-controls\" ><ul class=\"slides\">\n\t\t<li class=\"vid-bg image-bg overlay pt240 pb240\" >\n\t\t\n\t\t    <div class=\"background-image-holder\">\n\t\t        <img loading=\"lazy\" decoding=\"async\" width=\"1280\" height=\"720\" src=\"https:\/\/andrasorsolya.folkfest.hu\/wp-content\/uploads\/2019\/03\/vlcsnap-2019-03-03-17h59m53s045.png\" class=\"background-image\" alt=\"\" srcset=\"https:\/\/andrasorsolya.folkfest.hu\/wp-content\/uploads\/2019\/03\/vlcsnap-2019-03-03-17h59m53s045.png 1280w, https:\/\/andrasorsolya.folkfest.hu\/wp-content\/uploads\/2019\/03\/vlcsnap-2019-03-03-17h59m53s045-300x169.png 300w, https:\/\/andrasorsolya.folkfest.hu\/wp-content\/uploads\/2019\/03\/vlcsnap-2019-03-03-17h59m53s045-768x432.png 768w, https:\/\/andrasorsolya.folkfest.hu\/wp-content\/uploads\/2019\/03\/vlcsnap-2019-03-03-17h59m53s045-1024x576.png 1024w, https:\/\/andrasorsolya.folkfest.hu\/wp-content\/uploads\/2019\/03\/vlcsnap-2019-03-03-17h59m53s045-600x338.png 600w\" sizes=\"auto, (max-width: 1280px) 100vw, 1280px\" \/>\n\t\t    <\/div>\n\t\t    \n\t\t    <div class=\"fs-vid-background\">\n\t\t        <video muted loop>\n\t\t            <source src=\"\" type=\"video\/webm\">\n\t\t            <source src=\"https:\/\/andrasorsolya.folkfest.hu\/wp-content\/uploads\/2019\/12\/HONLAP-FEJLEC_4.mp4\" type=\"video\/mp4\">\n\t\t            <source src=\"\" type=\"video\/ogg\">\t\n\t\t        <\/video>\n\t\t    <\/div>\n\t\t    \n\t\t    <div class=\"container\">\n\t\t        <div class=\"row\">\n\t\t            <div class=\"col-sm-12\">\n\t\t                \n\t\t            <\/div>\n\t\t        <\/div>\n\t\t    <\/div>\n\t\t    \n\t\t<\/li>\n\t<\/ul><\/div>[\/vc_column][\/vc_row][vc_row foundry_padding=&#8221;pt64 pb64&#8243; parallax=&#8221;&#8221; parallax_image=&#8221;&#8221; el_id=&#8221;andras_orsolya&#8221;][vc_column][vc_row_inner][vc_column_inner width=&#8221;1\/6&#8243;][\/vc_column_inner][vc_column_inner width=&#8221;2\/3&#8243;][vc_column_text]<\/p>\n<h2 style=\"text-align: center;\">Andr\u00e1s Orsolya<\/h2>\n<h3 style=\"text-align: center;\">Magyarorsz\u00e1g sz\u00e9l\u00e9n&#8230;<\/h3>\n<p style=\"text-align: center;\">Andr\u00e1s Orsolya Cs\u00edkszered\u00e1ban sz\u00fcletett \u00e9s n\u0151tt fel, \u00e9s csal\u00e1dj\u00e1nak k\u00f6sz\u00f6nhet\u0151en<br \/>\nm\u00e1r kor\u00e1n kapcsolatba ker\u00fclt zenei \u00e9s t\u00e1ncos anyanyelv\u00fcnkkel. Kiskor\u00e1t\u00f3l \u00e9nekelt<br \/>\n\u00e9s t\u00e1ncolt, ekkor alapozta meg a magyar n\u00e9pzene ir\u00e1nti szeretet\u00e9t \u00e9s tisztelet\u00e9t.<br \/>\nSz\u00edv\u00e9hez legk\u00f6zelebb term\u00e9szetesen a sz\u00e9kely n\u00e9pzen\u00e9k, azon bel\u00fcl is a cs\u00edki<br \/>\nn\u00e9pdalok \u00e1llnak. M\u00e1r fiatalon n\u00e9pzenei t\u00e1borokban tan\u00edtott, \u00e9s \u00e9veken \u00e1t az \u00e9desapja<br \/>\n\u00e1ltal vezetett Hargita Sz\u00e9kely Nemzeti N\u00e9pi Egy\u00fcttes tagjak\u00e9nt t\u00e1ncolt, \u00e9nekelt<br \/>\n\u00e9s gardonozott.<\/p>\n<p>[\/vc_column_text]<div class=\"modal-container text-center\"><a class=\"btn btn-lg btn-modal\" href=\"#\" modal-link=\"3809\"><i class=\"\"><\/i> ANDR\u00c1S ORSOLYA<\/a><\/div>[\/vc_column_inner][vc_column_inner width=&#8221;1\/6&#8243;][\/vc_column_inner][\/vc_row_inner][\/vc_column][\/vc_row][vc_row foundry_background_style=&#8221;bg-secondary&#8221; foundry_padding=&#8221;pt64 pb64&#8243; el_id=&#8221;lemez&#8221;][vc_column]\n\t\t\t<section class=\"image-edge\">\n\t\t\t    <div class=\"col-md-6 col-sm-4 p0\">\n\t\t\t    \t<img loading=\"lazy\" decoding=\"async\" width=\"1193\" height=\"720\" src=\"https:\/\/andrasorsolya.folkfest.hu\/wp-content\/uploads\/2019\/12\/andras_orsolya_cd_mockup.png\" class=\"mb-xs-24\" alt=\"\" srcset=\"https:\/\/andrasorsolya.folkfest.hu\/wp-content\/uploads\/2019\/12\/andras_orsolya_cd_mockup.png 1193w, https:\/\/andrasorsolya.folkfest.hu\/wp-content\/uploads\/2019\/12\/andras_orsolya_cd_mockup-300x181.png 300w, https:\/\/andrasorsolya.folkfest.hu\/wp-content\/uploads\/2019\/12\/andras_orsolya_cd_mockup-768x464.png 768w, https:\/\/andrasorsolya.folkfest.hu\/wp-content\/uploads\/2019\/12\/andras_orsolya_cd_mockup-1024x618.png 1024w, https:\/\/andrasorsolya.folkfest.hu\/wp-content\/uploads\/2019\/12\/andras_orsolya_cd_mockup-600x362.png 600w\" sizes=\"auto, (max-width: 1193px) 100vw, 1193px\" \/>\n\t\t\t    <\/div>\n\t\t\t    <div class=\"container\">\n\t\t\t        <div class=\"col-md-5 col-md-offset-1 col-sm-7 col-sm-offset-1 v-align-transform right\">\n\t\t\t            [vc_column_text]<\/p>\n<h3>A lemezr\u0151l<\/h3>\n<p>Andr\u00e1s Orsolya els\u0151 sz\u00f3l\u00f3lemez\u00e9n \u00e9rtelemszer\u0171en a sz\u00e1m\u00e1ra legkedvesebb t\u00e1jegys\u00e9gek dallamait jelen\u00edti meg. A gondosan kiv\u00e1logatott zenei anyag egyik r\u00e9sz\u00e9n a sz\u00e9kely n\u00e9pzene r\u00e9gi r\u00e9teg\u00e9t a felcs\u00edki, k\u00e1szoni, gyergy\u00f3i \u00e9s Gyimes-v\u00f6lgyi \u00e9nekes \u00e9s hangszeres dallamok teszik ki.[\/vc_column_text]<div class=\"modal-container text-center\"><a class=\"btn btn-lg btn-modal\" href=\"#\" modal-link=\"8486\"><i class=\"\"><\/i> A lemezr\u0151l<\/a><\/div>\n\t\t\t        <\/div>\n\t\t\t    <\/div>\n\t\t\t<\/section>\n\t\t[\/vc_column][\/vc_row][vc_row foundry_padding=&#8221;pt180 pb180 pt-xs-80 pb-xs-80&#8243; css=&#8221;.vc_custom_1577698084075{background-image: url(https:\/\/andrasorsolya.folkfest.hu\/wp-content\/uploads\/2019\/12\/Andr\u00e1s-Orsolya02.jpg?id=2082) !important;}&#8221; el_id=&#8221;koncert&#8221;][vc_column width=&#8221;1\/6&#8243;][\/vc_column][vc_column width=&#8221;2\/3&#8243;][\/vc_column][vc_column width=&#8221;1\/6&#8243;][\/vc_column][\/vc_row][vc_row foundry_background_style=&#8221;bg-secondary&#8221; foundry_vertical_align=&#8221;yes&#8221; el_id=&#8221;zene&#8221;][vc_column width=&#8221;7\/12&#8243;]\n\t\t\t<div class=\"embed-video-container embed-responsive embed-responsive-16by9\">\n\t\t\t\t<iframe loading=\"lazy\" class=\"embed-responsive-item\"  title=\"Andr\u00e1s Orsolya - Magyarorsz\u00e1g sz\u00e9l\u00e9n... Magyar n\u00e9pzene \/ On the Edge of Hungary Hungarian Folk Music\" width=\"1170\" height=\"658\" src=\"https:\/\/www.youtube.com\/embed\/qJcagc7EICE?feature=oembed\" frameborder=\"0\" allow=\"accelerometer; autoplay; clipboard-write; encrypted-media; gyroscope; picture-in-picture; web-share\" referrerpolicy=\"strict-origin-when-cross-origin\" allowfullscreen><\/iframe>\n\t\t\t<\/div>\n\t\t[\/vc_column][vc_column width=&#8221;1\/12&#8243;][\/vc_column][vc_column width=&#8221;4\/12&#8243;][vc_column_text]<\/p>\n<h3>Hallgass bele!<\/h3>\n<p>R\u00f6vid \u00edzel\u00edt\u0151 az Andr\u00e1s Orsolya: Magyarorsz\u00e1g sz\u00e9l\u00e9n.. c. lemez zenei anyag\u00e1b\u00f3l.[\/vc_column_text][\/vc_column][\/vc_row][vc_row parallax=&#8221;&#8221; parallax_image=&#8221;&#8221; el_id=&#8221;kozremukodok&#8221;][vc_column][vc_column_text]<\/p>\n<h2 style=\"text-align: center;\">K\u00f6zrem\u0171k\u00f6d\u0151k<\/h2>\n<p>[\/vc_column_text]\t\n\t\t<div class=\"row\"><div class=\"col-md-3 col-sm-4 mb24 small-team-grid\">\n    <img loading=\"lazy\" decoding=\"async\" width=\"500\" height=\"442\" src=\"https:\/\/andrasorsolya.folkfest.hu\/wp-content\/uploads\/2015\/07\/tm_andras_orsolya-500x442.jpg\" class=\"mb24 wp-post-image\" alt=\"\" \/><h6 class=\"uppercase mb0 color-primary\"><a href=\"https:\/\/andrasorsolya.folkfest.hu\/?team=jake-robbins\">Andr\u00e1s Orsolya<\/a><\/h6><span>\u00e9nek, k\u00e1v\u00e1s gardon, tekn\u0151gardon<\/span>\n\t<ul class=\"social-icons text-center\">\n\t\t\t<\/ul>\t\n<\/div><div class=\"col-md-3 col-sm-4 mb24 small-team-grid\">\n    <img loading=\"lazy\" decoding=\"async\" width=\"500\" height=\"442\" src=\"https:\/\/andrasorsolya.folkfest.hu\/wp-content\/uploads\/2015\/06\/tm_miho-500x442.jpg\" class=\"mb24 wp-post-image\" alt=\"\" \/><h6 class=\"uppercase mb0 color-primary\"><a href=\"https:\/\/andrasorsolya.folkfest.hu\/?team=sally-marsh\">Mih\u00f3 Attila<\/a><\/h6><span>heged\u0171<\/span>\n\t<ul class=\"social-icons text-center\">\n\t\t\t<\/ul>\t\n<\/div><div class=\"col-md-3 col-sm-4 mb24 small-team-grid\">\n    <img loading=\"lazy\" decoding=\"async\" width=\"500\" height=\"442\" src=\"https:\/\/andrasorsolya.folkfest.hu\/wp-content\/uploads\/2014\/07\/tm_annus-500x442.jpg\" class=\"mb24 wp-post-image\" alt=\"\" \/><h6 class=\"uppercase mb0 color-primary\"><a href=\"https:\/\/andrasorsolya.folkfest.hu\/?team=robert-salsa\">Annus R\u00e9ka<\/a><\/h6><span>\u00e9nek<\/span>\n\t<ul class=\"social-icons text-center\">\n\t\t\t<\/ul>\t\n<\/div><div class=\"col-md-3 col-sm-4 mb24 small-team-grid\">\n    <img loading=\"lazy\" decoding=\"async\" width=\"500\" height=\"442\" src=\"https:\/\/andrasorsolya.folkfest.hu\/wp-content\/uploads\/2014\/07\/tm_enyedi-500x442.jpg\" class=\"mb24 wp-post-image\" alt=\"\" \/><h6 class=\"uppercase mb0 color-primary\"><a href=\"https:\/\/andrasorsolya.folkfest.hu\/?team=chris-wheeler\">Enyedi \u00c1gnes<\/a><\/h6><span>\u00e9nek<\/span>\n\t<ul class=\"social-icons text-center\">\n\t\t\t<\/ul>\t\n<\/div><\/div><div class=\"row\"><div class=\"col-md-3 col-sm-4 mb24 small-team-grid\">\n    <img loading=\"lazy\" decoding=\"async\" width=\"500\" height=\"442\" src=\"https:\/\/andrasorsolya.folkfest.hu\/wp-content\/uploads\/2014\/07\/tm_nadasdy-500x442.jpg\" class=\"mb24 wp-post-image\" alt=\"\" \/><h6 class=\"uppercase mb0 color-primary\"><a href=\"https:\/\/andrasorsolya.folkfest.hu\/?team=amy-henning\">N\u00e1dasdy Fanni<\/a><\/h6><span>\u00e9nek<\/span>\n\t<ul class=\"social-icons text-center\">\n\t\t\t<\/ul>\t\n<\/div><div class=\"col-md-3 col-sm-4 mb24 small-team-grid\">\n    <img loading=\"lazy\" decoding=\"async\" width=\"500\" height=\"442\" src=\"https:\/\/andrasorsolya.folkfest.hu\/wp-content\/uploads\/2014\/07\/tm_szabo_a-500x442.jpg\" class=\"mb24 wp-post-image\" alt=\"\" \/><h6 class=\"uppercase mb0 color-primary\"><a href=\"https:\/\/andrasorsolya.folkfest.hu\/?team=chris-aitken\">Szab\u00f3 Annam\u00e1ria<\/a><\/h6><span>\u00e9nek<\/span>\n\t<ul class=\"social-icons text-center\">\n\t\t\t<\/ul>\t\n<\/div><div class=\"col-md-3 col-sm-4 mb24 small-team-grid\">\n    <img loading=\"lazy\" decoding=\"async\" width=\"500\" height=\"442\" src=\"https:\/\/andrasorsolya.folkfest.hu\/wp-content\/uploads\/2014\/07\/tm_fekete-500x442.jpg\" class=\"mb24 wp-post-image\" alt=\"\" \/><h6 class=\"uppercase mb0 color-primary\"><a href=\"https:\/\/andrasorsolya.folkfest.hu\/?team=rick-chesney\">Fekete M\u00e1rton<\/a><\/h6><span>n\u00e9gyh\u00faros br\u00e1csa, h\u00e1romh\u00faros kontra<\/span>\n\t<ul class=\"social-icons text-center\">\n\t\t\t<\/ul>\t\n<\/div><div class=\"col-md-3 col-sm-4 mb24 small-team-grid\">\n    <img loading=\"lazy\" decoding=\"async\" width=\"500\" height=\"442\" src=\"https:\/\/andrasorsolya.folkfest.hu\/wp-content\/uploads\/2014\/07\/tm_horvath-500x442.jpg\" class=\"mb24 wp-post-image\" alt=\"\" \/><h6 class=\"uppercase mb0 color-primary\"><a href=\"https:\/\/andrasorsolya.folkfest.hu\/?team=katia-hingers\">Horv\u00e1th Bal\u00e1zs<\/a><\/h6><span>heged\u0171kontra<\/span>\n\t<ul class=\"social-icons text-center\">\n\t\t\t<\/ul>\t\n<\/div><\/div><div class=\"row\"><div class=\"col-md-3 col-sm-4 mb24 small-team-grid\">\n    <img loading=\"lazy\" decoding=\"async\" width=\"500\" height=\"442\" src=\"https:\/\/andrasorsolya.folkfest.hu\/wp-content\/uploads\/2014\/07\/tm_toth-500x442.jpg\" class=\"mb24 wp-post-image\" alt=\"\" \/><h6 class=\"uppercase mb0 color-primary\"><a href=\"https:\/\/andrasorsolya.folkfest.hu\/?team=rob-sainsbury\">T\u00f3th M\u00e1t\u00e9<\/a><\/h6><span>nagyb\u0151g\u0151, kisb\u0151g\u0151<\/span>\n\t<ul class=\"social-icons text-center\">\n\t\t\t<\/ul>\t\n<\/div><div class=\"col-md-3 col-sm-4 mb24 small-team-grid\">\n    <img loading=\"lazy\" decoding=\"async\" width=\"500\" height=\"442\" src=\"https:\/\/andrasorsolya.folkfest.hu\/wp-content\/uploads\/2014\/07\/tm_szabo_d-500x442.jpg\" class=\"mb24 wp-post-image\" alt=\"\" \/><h6 class=\"uppercase mb0 color-primary\"><a href=\"https:\/\/andrasorsolya.folkfest.hu\/?team=szabo-daniel\">Szab\u00f3 D\u00e1niel<\/a><\/h6><span>cimbalom<\/span>\n\t<ul class=\"social-icons text-center\">\n\t\t\t<\/ul>\t\n<\/div><div class=\"col-md-3 col-sm-4 mb24 small-team-grid\">\n    <img loading=\"lazy\" decoding=\"async\" width=\"500\" height=\"442\" src=\"https:\/\/andrasorsolya.folkfest.hu\/wp-content\/uploads\/2019\/12\/tm_salamon-500x442.jpg\" class=\"mb24 wp-post-image\" alt=\"\" \/><h6 class=\"uppercase mb0 color-primary\"><a href=\"https:\/\/andrasorsolya.folkfest.hu\/?team=salamon-soma\">Salamon Soma<\/a><\/h6><span>furulya<\/span>\n\t<ul class=\"social-icons text-center\">\n\t\t\t<\/ul>\t\n<\/div><div class=\"col-md-3 col-sm-4 mb24 small-team-grid\">\n    <img loading=\"lazy\" decoding=\"async\" width=\"500\" height=\"442\" src=\"https:\/\/andrasorsolya.folkfest.hu\/wp-content\/uploads\/2019\/12\/tm_szerenyi-500x442.jpg\" class=\"mb24 wp-post-image\" alt=\"\" \/><h6 class=\"uppercase mb0 color-primary\"><a href=\"https:\/\/andrasorsolya.folkfest.hu\/?team=ifj-szerenyi-bela\">ifj. Szer\u00e9nyi B\u00e9la<\/a><\/h6><span>teker\u0151<\/span>\n\t<ul class=\"social-icons text-center\">\n\t\t\t<\/ul>\t\n<\/div><\/div><div class=\"row\"><div class=\"col-md-3 col-sm-4 mb24 small-team-grid\">\n    <img loading=\"lazy\" decoding=\"async\" width=\"500\" height=\"442\" src=\"https:\/\/andrasorsolya.folkfest.hu\/wp-content\/uploads\/2019\/12\/tm_szlama-500x442.jpg\" class=\"mb24 wp-post-image\" alt=\"\" \/><h6 class=\"uppercase mb0 color-primary\"><a href=\"https:\/\/andrasorsolya.folkfest.hu\/?team=szlama-laszlo\">Szlama L\u00e1szl\u00f3<\/a><\/h6><span>koboz<\/span>\n\t<ul class=\"social-icons text-center\">\n\t\t\t<\/ul>\t\n<\/div><\/div><!--end of row-->\n\t\t\n\t[\/vc_column][\/vc_row][vc_row foundry_background_style=&#8221;bg-secondary&#8221; foundry_vertical_align=&#8221;yes&#8221;][vc_column width=&#8221;7\/12&#8243;]\n\t\t\t<div class=\"embed-video-container embed-responsive embed-responsive-16by9\">\n\t\t\t\t<iframe loading=\"lazy\" class=\"embed-responsive-item\"  title=\"Andr\u00e1s Orsolya - Cs\u00edkorsz\u00e1gb\u00f3l levelet \/\/ Hungarian Folk Music\" width=\"1170\" height=\"658\" src=\"https:\/\/www.youtube.com\/embed\/pcR7ienJmUg?feature=oembed\" frameborder=\"0\" allow=\"accelerometer; autoplay; clipboard-write; encrypted-media; gyroscope; picture-in-picture; web-share\" referrerpolicy=\"strict-origin-when-cross-origin\" allowfullscreen><\/iframe>\n\t\t\t<\/div>\n\t\t[\/vc_column][vc_column width=&#8221;1\/12&#8243;][\/vc_column][vc_column width=&#8221;4\/12&#8243;][vc_column_text]<\/p>\n<h3>Cs\u00edkorsz\u00e1gb\u00f3l levelet<\/h3>\n<p>Cs\u00edksz\u00e9k: Cs\u00edkjen\u0151falva, Cs\u00edkszentmih\u00e1ly[\/vc_column_text][\/vc_column][\/vc_row][vc_row foundry_padding=&#8221;pt0 pb0&#8243; el_id=&#8221;kapcsolat&#8221;][vc_column][\/vc_column][\/vc_row]<\/p>\n","protected":false},"excerpt":{"rendered":"<p>[vc_row full_width=&#8221;stretch_row&#8221;][vc_column][\/vc_column][\/vc_row][vc_row foundry_padding=&#8221;pt64 pb64&#8243; parallax=&#8221;&#8221; parallax_image=&#8221;&#8221; el_id=&#8221;andras_orsolya&#8221;][vc_column][vc_row_inner][vc_column_inner width=&#8221;1\/6&#8243;][\/vc_column_inner][vc_column_inner width=&#8221;2\/3&#8243;][vc_column_text] Andr\u00e1s Orsolya Magyarorsz\u00e1g sz\u00e9l\u00e9n&#8230; Andr\u00e1s Orsolya Cs\u00edkszered\u00e1ban sz\u00fcletett \u00e9s n\u0151tt fel, \u00e9s&#8230;<\/p>\n","protected":false},"author":1,"featured_media":0,"parent":0,"menu_order":0,"comment_status":"closed","ping_status":"closed","template":"","meta":{"footnotes":""},"class_list":["post-1759","page","type-page","status-publish","hentry"],"_links":{"self":[{"href":"https:\/\/andrasorsolya.folkfest.hu\/index.php?rest_route=\/wp\/v2\/pages\/1759","targetHints":{"allow":["GET"]}}],"collection":[{"href":"https:\/\/andrasorsolya.folkfest.hu\/index.php?rest_route=\/wp\/v2\/pages"}],"about":[{"href":"https:\/\/andrasorsolya.folkfest.hu\/index.php?rest_route=\/wp\/v2\/types\/page"}],"author":[{"embeddable":true,"href":"https:\/\/andrasorsolya.folkfest.hu\/index.php?rest_route=\/wp\/v2\/users\/1"}],"replies":[{"embeddable":true,"href":"https:\/\/andrasorsolya.folkfest.hu\/index.php?rest_route=%2Fwp%2Fv2%2Fcomments&post=1759"}],"version-history":[{"count":90,"href":"https:\/\/andrasorsolya.folkfest.hu\/index.php?rest_route=\/wp\/v2\/pages\/1759\/revisions"}],"predecessor-version":[{"id":2111,"href":"https:\/\/andrasorsolya.folkfest.hu\/index.php?rest_route=\/wp\/v2\/pages\/1759\/revisions\/2111"}],"wp:attachment":[{"href":"https:\/\/andrasorsolya.folkfest.hu\/index.php?rest_route=%2Fwp%2Fv2%2Fmedia&parent=1759"}],"curies":[{"name":"wp","href":"https:\/\/api.w.org\/{rel}","templated":true}]}}